)/104) prime?
False
Let f be 1*(0 + 2 - 2). Suppose f = -3*w + 9 + 213. Suppose h = n + 3*n - w, h = 2*n - 36. Is n composite?
False
Suppose z = 3*z - 4*i + 336, 5*i = 3*z + 508. Let b = 318 + z. Is (-4)/6 + b/6 a prime number?
True
Let p = -844 + 2223. Is p composite?
True
Let i(k) = k**3 - 2*k**2 - 2*k + 1. Let u be i(3). Let g be ((-1)/u)/(3/(-24)). Suppose -c + g*c = -4*n + 78, n - 2*c = 15. Is n prime?
True
Let v = 13 + -4. Suppose -f - v = -3. Let w(y) = y**3 + 7*y**2 + 2*y + 1. Is w(f) composite?
True
Let r(q) = q**3 - 3*q**2 + 3*q. Let f(z) = z**2 - 3*z + 2. Let g be f(3). Let t be r(g). Suppose t*c - 33 = -c. Is c a prime number?
True
Let m(g) = -46*g + 9. Is m(-8) a composite number?
True
Let p(f) be the third derivative of 23*f**4/24 - 5*f**3/6 + 3*f**2. Is p(4) a prime number?
False
Let s(a) = -a**3 - 8*a**2 + 4*a - 7. Let m(q) = 3*q**3 + 24*q**2 - 12*q + 21. Let u(n) = 2*m(n) + 7*s(n). Is u(-9) a prime number?
False
Let l(n) = 120*n**2 - n - 3. Is l(-2) prime?
True
Suppose 11 = 3*r - 22. Suppose 0 = 2*s + 3 - r. Suppose 17 = z - s. Is z a prime number?
False
Let v = -112 - -273. Suppose -3*h = -2*h - v. Is h a prime number?
False
Let u(n) = 222*n**3 + 3*n**2 - n - 1. Is u(1) prime?
True
Let i(x) = 3*x - 8. Is i(9) composite?
False
Let r(b) = -120*b - 1. Let z be r(-1). Suppose 5*q = -z + 684. Is q prime?
True
Suppose 0 = -4*l + 20, 0 = 2*r - 2*l + 3*l - 21. Let u = r - -23. Is u prime?
True
Let p be (-1)/(-5) - 14/(-5). Suppose 1 = -2*l - 4*h + 23, -2*l - p*h + 17 = 0. Is l/(-2) + (-7)/(-2) a composite number?
False
Is -4*(-4 - 1230/8) a composite number?
False
Let u = 258 - -82. Let f = u - 219. Let x = f - 86. Is x composite?
True
Let n be (-1)/(-2)*(-272)/(-8). Let p(j) = -9*j**2 - 1. Let x be p(-1). Let y = x + n. Is y a composite number?
False
Let n be 3 - (-2)/(-4)*-6. Let d(j) = 112*j + 11. Is d(n) prime?
True
Suppose -4*j + 6 = -j. Is -1 - -2 - (-50 - j) prime?
True
Let i(n) = 9*n - 1. Is i(4) a composite number?
True
Let z = -7 + 12. Is z/(-15) + (-392)/(-6) composite?
True
Let c = -645 - -1202. Suppose -443 = -4*k - 4*r + c, -3*k + 742 = -5*r. Let q = k + -88. Is q prime?
False
Suppose 0 + 15 = -5*v. Let u be 3 - (7 - 1)/v. Suppose 0 = -u*n + 56 + 99. Is n composite?
False
Suppose -z - 3*i = -1648, 5*z + 2*i - 4*i - 8257 = 0. Is z a composite number?
True
Let m(h) = -3*h**3 - 12*h**2 + 4*h - 28. Is m(-9) a composite number?
False
Suppose 4*a - 28 = 4*b, b + 3 = -3*a + 4. Suppose -106 = -0*w - a*w. Is w prime?
True
Let m(j) = -j**3 + 9*j**2 + 11*j + 4. Is m(9) composite?
False
Suppose j - 1 - 4 = 0. Suppose 215 = j*a + 50. Is a prime?
False
Let c = 1600 - 69. Is c composite?
False
Is (2 - (-315)/(-4))/((-5)/140) a composite number?
True
Let v be ((-63)/6)/((-6)/84). Suppose -6*a + 51 = -v. Is a a prime number?
False
Suppose -3*y + 3*k + 2*k + 56 = 0, -4*k - 72 = -4*y. Let d = y + -4. Is d a composite number?
False
Let n = 11 - 9. Suppose 5*f + 2*z = 243, -n*f + 19 + 82 = -3*z. Suppose 4*v = -4*c + 84, -3*c = -5*v + 40 + f. Is v a prime number?
True
Let x(k) = -2*k**2 + 7*k + 4. Let y be x(7). Let v = 4 - y. Is v composite?
True
Let g(p) = 30*p**2 - 4*p + 7. Suppose 5*d + 3 = 6*d. Is g(d) a composite number?
True
Let x(p) = 11*p**2 + 18*p - 25. Is x(6) a prime number?
True
Let u be (3 + 0)*(-2)/2. Let o be (-1)/u - (-2237)/3. Suppose 0 = -3*x + 5*s + o, -x + 247 = s - 3*s. Is x prime?
True
Suppose -4*n + 1222 = -662. Suppose 2*d - c = 2, 4*c - 13 = 4*d - 3*d. Suppose 0*f + n = d*f. Is f a composite number?
False
Suppose 0 = -b - 3*a + 203, -b = a + 74 - 269. Is b composite?
False
Let a be (-1)/4 - 2/(-8). Suppose 2*y + a - 8 = 0. Is (-3009)/(-33) - y/22 a prime number?
False
Suppose -2*h - 296 = -6*h. Suppose -u = u - h. Is u composite?
False
Let u be -1*(3 + -2) - 0. Let a = -5 + 2. Is u + (-6)/a - -36 composite?
False
Let w(b) = 0 - 7*b - 10*b - 3 - 3*b. Is w(-4) prime?
False
Suppose -6*j + j = -420. Suppose -4*h + 8 + j = 0. Is h prime?
True
Let z(h) be the second derivative of -26*h**5/5 - h**4/6 - h**3/3 - h**2/2 + 3*h. Let u be z(-1). Suppose 2*j - u - 3 = 0. Is j composite?
False
Suppose 2*i + 8 = -4*l, -l = 4*i + i - 7. Let g(u) = 3*u + 8. Let b be g(-2). Suppose -i*s = 2*x - 126, b*x = 5*s - 2*s + 106. Is x composite?
False
Is (14/(-21))/((-4)/1206) a prime number?
False
Let b = 0 + 0. Suppose v + 4*j = 0, b = -v + 6*v - 5*j. Suppose 3*d - 12 = v, -5*m = -m + 3*d - 64. Is m a prime number?
True
Let q(b) = 5*b**2 - 2*b - 1. Let c(r) = 26*r**2 - 10*r - 6. Let o(y) = -4*c(y) + 22*q(y). Is o(4) prime?
False
Let t be (-1 + 1)/(3 + -2). Let h = t + 53. Is h a prime number?
True
Let a(r) = r**3 - r**2 + r + 130. Let b be a(0). Suppose -3*p + 179 + b = 0. Is p a prime number?
True
Let j(c) = -54*c**2 + c. Let g = 1 + -2. Let k be j(g). Let p = -20 - k. Is p composite?
True
Is (-2)/(-6)*(440 + 7) composite?
False
Suppose 0*d - 3*d + 3 = 0. Let x = 3 - d. Suppose x*w - 72 = -2*j + 338, -3*j + 412 = 2*w. Is w a composite number?
True
Suppose 4*v = -v - 15. Let u(l) = l**2 + l + 4. Is u(v) prime?
False
Is -1 + 0 - (-3 - 389) prime?
False
Let a(o) = -3*o**3 + o**2 + 2*o - 15. Is a(-7) prime?
True
Suppose -15322 = -4*f - 1814. Is f composite?
True
Suppose -5*l - 14 = 3*t, 3*t + 3 + 10 = -4*l. Let f be (-2 - 4)*l + -3. Suppose 68 = f*g - 10. Is g prime?
False
Suppose -5*n = -5*j - n + 66, -4*j + 58 = 2*n. Suppose j = 4*s + 6. Is s/(-9) + (-191)/(-9) prime?
False
Let v be ((-2)/(-4))/((-4)/96). Is (39/(-4))/(3/v) prime?
False
Let w = -187 + 268. Suppose -2*f + w + 60 = 3*o, -3*o = 3*f - 138. Is o composite?
True
Let h(s) = 58*s**2 + 24*s - 2. Is h(-8) prime?
False
Let k(g) = -g**2 + 4*g + 2. Let f be k(-7). Suppose l = -p + 34 + 103, -5*p - 3*l = -695. Let y = p + f. Is y a prime number?
True
Suppose z + 4*z - 18957 = -4*q, 0 = -4*z - 2*q + 15168. Is z a composite number?
False
Let q = -4 - -4. Suppose q = 5*x - 0*x - 155. Is x a composite number?
False
Suppose 0 = v - 1 - 1. Suppose v*i + 165 = 5*g - 2*i, -g - i + 33 = 0. Is g composite?
True
Let a(l) = 11*l**2 - 11*l - 3. Let t(u) = -5*u**2 + 5*u + 2. Suppose 0 = -5*f - 25, -2*j + 2*f + f = -23. Let y(c) = j*a(c) + 9*t(c). Is y(0) a prime number?
False
Let s = -61 - -85. Suppose s = -3*u - 12. Let m = u + 95. Is m a composite number?
False
Suppose 2076 = 3*g + 2*u, -g = -4*u - 169 - 537. Is g a composite number?
True
Let o(n) = 13*n**2 - 4*n - 5. Let u be o(8). Suppose -2*w + 785 = 4*m - m, 0 = 3*m - 3*w - u. Is m composite?
False
Let t = 444 - -14. Suppose 3*f + 2*v - 473 = 0, -3*f + t = v + 4*v. Is f composite?
True
Let j(h) be the second derivative of 0*h**3 + 0 - 2*h + 3/2*h**2 + 1/20*h**5 - 1/12*h**4. Is j(3) prime?
False
Let a(j) be the second derivative of j**4/4 - 5*j**3/6 + j**2/2 - 9*j. Suppose d + 4 = -x - 0*d, 0 = 2*x + 4*d. Is a(x) a prime number?
True
Let w = -131 - -255. Suppose -5*x = -166 - w. Is x composite?
True
Let u = 3 - -3. Let a be (u/3)/((-1)/(-10)). Suppose -19 - 5 = -2*m + 4*s, -a = -4*s. Is m a composite number?
True
Is (-1 + 10/4)*18436/66 a composite number?
False
Let r(f) be the third derivative of -f**6/120 - f**5/30 + f**3/3 - 3*f**2. Is r(-3) prime?
True
Suppose 0 = -3*x + 2*x + 201. Is x prime?
False
Let c = -22 - -10. Is c/(-30) - (-93)/5 a composite number?
False
Let f(d) be the second derivative of -6*d**5 + d**4/6 + d**3/6 + 3*d. Let r be f(-1). Suppose -y = -s - 45, -5*s + 30 = 3*y - r. Is y a prime number?
True
Let r = 7 - 5. Suppose 5*d = r*o - 3*o + 24, 0 = 2*o - 4*d + 8. Suppose c + 0*y - 21 = y, 0 = -o*c + 5*y + 83. Is c prime?
False
Let b(k) be the third derivative of -5/12*k**4 + 0*k + 1/2*k**3 + 0 + 2*k**2. Is b(-8) prime?
True
Let a(k) = -k**3 + 7*k**2 - 7*k. Let z be a(6). Let c(w) = -29*w + 4. Let g be c(-7). Is 4/(-3)*g/z prime?
False
Let i = -1 + 0. Let o = i + -1. Is 54 + o + 2/2 a prime number?
True
Let y(j) = 2*j + 49. Is y(-15) composite?
False
Let v(d) = -2*d**2 + 9*d + 1. Let y be v(14). Let j = y - -422. Is j composite?
False
Suppose 6*f - 3993 = 20709. Suppose f = 4*b + 561. Is b prime?
False
Let m = -4720 + 7925. Is m composite?
True
Suppose 7420 = 5*g - 5*a, -1088 = -g - a + 390. Is g a composite number?
False
Let h be 0/((-2)/(3 - 1)). Let i be -1 - (h + -2 + 38). Is (i/2)/((-7)/70) a composite number?
True
Is